the thousands digit of 33677282?
7
What is the hundreds digit of 4485651867?
8
What is the tens digit of 47427978?
7
What is the hundred millions digit of 401308837?
4
What is the hundreds digit of 147348749?
7
What is the tens digit of 155545205?
0
What is the ten millions digit of 287741203?
8
What is the hundred thousands digit of 2541262341?
2
What is the tens digit of 71287232?
3
What is the hundreds digit of 37672827?
8
What is the thousands digit of 340077895?
7
What is the hundreds digit of 802734373?
3
What is the hundred thousands digit of 120318073?
3
What is the hundred thousands digit of 4083696509?
6
What is the units digit of 1839658369?
9
What is the hundreds digit of 63621036?
0
What is the thousands digit of 107797022?
7
What is the ten thousands digit of 202252235?
5
What is the ten millions digit of 611540307?
1
What is the tens digit of 269174183?
8
What is the hundred millions digit of 576881716?
5
What is the millions digit of 165868144?
5
What is the millions digit of 38116279?
8
What is the units digit of 617395102?
2
What is the ten thousands digit of 1048205771?
0
What is the hundred thousands digit of 283161159?
1
What is the millions digit of 24260975?
4
What is the hundreds digit of 178295862?
8
What is the hundreds digit of 5014178512?
5
What is the hundreds digit of 514272024?
0
What is the ten thousands digit of 11132929?
3
What is the units digit of 1610837218?
8
What is the millions digit of 4608366427?
8
What is the units digit of 82985552?
2
What is the millions digit of 5642769?
5
What is the tens digit of 47540982?
8
What is the hundreds digit of 335193823?
8
What is the thousands digit of 86573769?
3
What is the hundred millions digit of 130602536?
1
What is the billions digit of 1340499491?
1
What is the millions digit of 101136314?
1
What is the tens digit of 1195367564?
6
What is the ten millions digit of 60139840?
6
What is the tens digit of 432422185?
8
What is the hundred thousands digit of 17913237?
9
What is the millions digit of 1251428455?
1
What is the millions digit of 10605540?
0
What is the ten thousands digit of 1334746364?
4
What is the units digit of 61103252?
2
What is the hundred millions digit of 177067340?
1
What is the hundred thousands digit of 683765452?
7
What is the units digit of 529696320?
0
What is the thousands digit of 4047346373?
6
What is the ten millions digit of 37939858?
3
What is the units digit of 3221282548?
8
What is the units digit of 763440226?
6
What is the thousands digit of 473085737?
5
What is the hundreds digit of 1428026754?
7
What is the millions digit of 38910166?
8
What is the hundreds digit of 232242566?
5
What is the ten millions digit of 100033430?
0
What is the hundreds digit of 24411224?
2
What is the hundred thousands digit of 32271635?
2
What is the millions digit of 54497861?
4
What is the hundred millions digit of 829645212?
8
What is the hundred millions digit of 950258081?
9
What is the tens digit of 267825432?
3
What is the millions digit of 701596881?
1
What is the ten millions digit of 3593494429?
9
What is the billions digit of 2399734121?
2
What is the ten thousands digit of 6057013332?
1
What is the thousands digit of 3160343889?
3
What is the units digit of 1670982?
2
What is the millions digit of 312763808?
2
What is the tens digit of 1266156107?
0
What is the ten millions digit of 1758723272?
5
What is the millions digit of 3612975842?
2
What is the units digit of 2097537680?
0
What is the hundred thousands digit of 140327220?
3
What is the thousands digit of 52061100?
1
What is the ten millions digit of 42070877?
4
What is the units digit of 53685365?
5
What is the hundred thousands digit of 53483827?
4
What is the ten millions digit of 513996526?
1
What is the ten thousands digit of 49059018?
5
What is the millions digit of 70007904?
0
What is the millions digit of 3591596453?
1
What is the billions digit of 5114949954?
5
What is the tens digit of 339506767?
6
What is the millions digit of 4783039725?
3
What is the units digit of 1274302321?
1
What is the hundred thousands digit of 18283658?
2
What is the ten thousands digit of 17592890?
9
What is the tens digit of 38972892?
9
What is the tens digit of 213421257?
5
What is the millions digit of 56137779?
6
What is the ten thousands digit of 1059797171?
9
What is the millions digit of 825371799?
5
What is the thousands digit of 541094077?
4
What is the hundred thousands digit of 49455895?
4
What is the tens digit of 36427100?
0
What is the tens digit of 906092120?
2
What is the thousands digit of 53970512?
0
What is the hundred thousands digit of 720965621?
9
What is the ten thousands digit of 25543314?
4
What is the hundred thousands digit of 45817888?
8
What is the thousands digit of 764737499?
7
What is the hundred thousands digit of 43197561?
1
What is the hundred thousands digit of 616487259?
4
What is the millions digit of 401656513?
1
What is the hundred thousands digit of 137164246?
1
What is the tens digit of 946961109?
0
What is the units digit of 902443479?
9
What is the hundred thousands digit of 43030567?
0
What is the thousands digit of 6906391?
6
What is the thousands digit of 429135468?
5
What is the tens digit of 567781117?
1
What is the hundreds digit of 15812734?
7
What is the hundred thousands digit of 30779990?
7
What is the ten millions digit of 7805716254?
0
What is the hundred millions digit of 1345937374?
3
What is the units digit of 4627117032?
2
What is the hundreds digit of 1555110385?
3
What is the ten thousands digit of 15070616?
7
What is the ten thousands digit of 5080353?
8
What is the ten millions digit of 24199936?
2
What is the millions digit of 617501856?
7
What is the hundred thousands digit of 31078902?
0
What is the ten thousands digit of 1941395520?
9
What is the tens digit of 127218377?
7
What is the ten thousands digit of 118914474?
1
What is the hundred thousands digit of 748868559?
8
What is the hundred thousands digit of 3320896256?
8
What is the hundred millions digit of 543934656?
5
What is the ten thousands digit of 93417527?
1
What is the thousands digit of 4222905596?
5
What is the thousands digit of 55598398?
8
What is the thousands digit of 5537040234?
0
What is the thousands digit of 61610371?
0
What is the hundreds digit of 1110829962?
9
What is the millions digit of 428046559?
8
What is the tens digit of 90149871?
7
What is the tens digit of 30937658?
5
What is the ten millions digit of 28322560?
2
What is the hundred thousands digit of 35352760?
3
What is the millions digit of 1956470353?
6
What is the units digit of 918824247?
7
What is the hundred thousands digit of 582844603?
8
What is the millions digit of 70574052?
0
What is the hundred thousands digit of 126421072?
4
What is the ten millions digit of 62736782?
6
What is the billions digit of 2089656449?
2
What is the tens digit of 75757529?
2
What is the ten millions digit of 167260621?
6
What is the units digit of 24299825?
5
What is the billions digit of 1476343373?
1
What is the hundreds digit of 116439827?
8
What is the thousands digit of 91593396?
3
What is the hundred millions digit of 218129362?
2
What is the hundreds digit of 455267351?
3
What is the tens digit of 74409205?
0
What is the tens digit of 167921052?
5
What is the tens digit of 327475143?
4
What is the thousands digit of 186368225?
8
What is the thousands digit of 130189269?
9
What is the millions digit of 82398493?
2
What is the billions digit of 3368061727?
3
What is the hundred millions digit of 287679296?
2
What is the ten millions digit of 303823841?
0
What is the hundred thousands digit of 44423318?
4
What is the ten thousands digit of 21382248?
8
What is the ten millions digit of 54162439?
5
What is the hundred thousands digit of 47859709?
8
What is the ten millions digit of 2038888364?
3
What is the ten millions digit of 1957543857?
5
What is the ten millions digit of 47483275?
4
What is the ten millions digit of 229144136?
2
What is the hundred millions digit of 976731237?
9
What is the hundred thousands digit of 268102499?
1
What is the ten thousands digit of 3861444?
6
What is the thousands digit of 5976363969?
3
What is the tens digit of 7597861105?
0
What is the hundred millions digit